n + -63. List the prime factors of (-789)/k - 14/63.
29
Let a = -52 - -118. Let q = a + 53. List the prime factors of q.
7, 17
Let k be (0/(-10))/((-4)/(-2)). Suppose -5*z - 23 - 22 = k. Let a = z + 20. What are the prime factors of a?
11
Suppose -27*z = -22*z - 5, 5*a = -4*z + 3809. List the prime factors of a.
761
Let j = -4 - 8. Let x = 14 + j. Let y = 30 - x. List the prime factors of y.
2, 7
Suppose -69 - 63 = -3*t. Let j(m) = -43*m**2 + 0*m + t*m**2 + 3*m - 2. List the prime factors of j(-4).
2
Let q be 5/((-10)/(-6)) - -1. Suppose -45 = -q*v + 31. Suppose -4*u + 149 = -v. What are the prime factors of u?
2, 3, 7
Let i(j) = 5*j + 48 + 7*j - 10*j. What are the prime factors of i(0)?
2, 3
Suppose 10*h = 9*h + 15. Suppose s - 219 = 2*o, 0 = 3*o - 6 + h. What are the prime factors of s?
3, 71
Suppose u = 5*w - 1162, w - 226 = -3*u - 0*u. List the prime factors of (w/(-6))/((-24)/36).
2, 29
Suppose 0 = -6*o - 5*o + 1628. Suppose -3*x + 5*l + o = 0, -35 = -2*x + 2*l + 61. What are the prime factors of x?
2, 23
Let f(w) = -18 + 2*w - w - 2*w + 5. Let q be f(-11). List the prime factors of (3 - (-52)/(-8))*q.
7
Let q(p) = -p**3 + 10*p**2 + 13*p - 9. Suppose -2*o = -o - 10. List the prime factors of q(o).
11
Suppose -5*j + 7 = -f, 51 = -4*f - 0*j - 3*j. Let i = 11 + f. Let v = i + 24. List the prime factors of v.
23
Let c be 0 + 0 + 0 + 1. Let l = c - -119. Suppose -2*h + 22 + 12 = 2*q, 5*h = 2*q + l. What are the prime factors of h?
2, 11
Let k = -126 - -127. Let l(i) = -1 + 0*i**2 + 0 + 2*i**2 + 29*i**3. List the prime factors of l(k).
2, 3, 5
Let t(h) = -20*h - 6. Let n be t(-6). Suppose -2*q + 106 = -n. List the prime factors of q.
2, 5, 11
Let j = 1434 + -484. List the prime factors of j.
2, 5, 19
Let b(m) = m**3 + 16*m**2 - m + 7. Let h be b(-16). Let y = h - 19. List the prime factors of 164*(17/4 - y).
41
What are the prime factors of (-42)/(-6) - (8 + -1063)?
2, 3, 59
Suppose -6*k - 7870 = -16*k. List the prime factors of k.
787
Suppose 0*f - f = 49. Let t = 13 - f. List the prime factors of t.
2, 31
Let o(g) = g**3 + 5*g**2 - 6*g + 6. Suppose 4*t = 2*u - 26, 0*u + u + 17 = -4*t. What are the prime factors of o(t)?
2, 3
Let p be -1*1 - (7 + -22). Let d be 1 + 16 - 28/p. Let i = 26 - d. List the prime factors of i.
11
Suppose 40 = 5*a - 50. Suppose -h + a = p, 3*h + h - 3*p = 51. Let z = 28 - h. What are the prime factors of z?
13
Suppose 813 = x + 50. What are the prime factors of x?
7, 109
Let m(d) = d**2 - 2*d + 169. Suppose 3*z + 4*v + 2 = -2, -4*z - 5 = 5*v. What are the prime factors of m(z)?
13
Suppose -310 = -u + 3*g + 164, 0 = 2*g + 10. Let p = -276 + u. List the prime factors of p.
3, 61
Let z = 14 - 15. Let o = 2 + z. Let c(p) = 11*p**2 - p. List the prime factors of c(o).
2, 5
Suppose 2*f = 4*m - 414, m - f = 2*f + 91. Suppose 4*q + 2*z + 188 = 0, 7*z = 2*q + 2*z + m. Let k = -30 - q. List the prime factors of k.
2, 3
Let y(w) = w**3 + 7*w**2 + 6*w - 11. Let q be y(-5). List the prime factors of 24/q*(-1044)/(-16).
2, 3, 29
Suppose 14 - 2 = 4*d. Suppose d = 2*b - 17. Suppose b = -3*s + 49. What are the prime factors of s?
13
Let m = -446 + 661. Suppose -3*i - 2*w - 27 = -m, -54 = -i - 5*w. What are the prime factors of i?
2
Suppose 5 = 2*d - 5. Suppose -d*i + 539 = 2*i. What are the prime factors of i + (-8)/(-2) + -7?
2, 37
Suppose 5*i + 3*p = 230, -25*i + 28*i + 4*p - 149 = 0. List the prime factors of i.
43
Suppose 4*l + 4*a - 17 = 103, 119 = 4*l + 3*a. Suppose -4*t + 131 = 4*d + d, 5*d = -t + l. What are the prime factors of t?
2, 17
Let w = -1467 + 2080. List the prime factors of w.
613
Suppose -6*j + 10*j = 568. Let c = 323 - j. What are the prime factors of c?
181
Let s = 64 + -32. Let i = 25 + s. What are the prime factors of i?
3, 19
Let o(w) = w**3 - 4*w**2 - 2*w + 3. Let v be ((-2)/4)/(1/(-6)). Let h be o(v). List the prime factors of (-8)/h - 616/(-12).
2, 13
Let x be (174/(-1))/(6 + (-40)/6). Suppose x = -2*u + 755. What are the prime factors of u?
13, 19
Suppose 5*v - 3*u - 6057 = -2115, -4*v - 5*u = -3124. What are the prime factors of v?
2, 3, 131
Let z(w) = -67*w - 261. List the prime factors of z(-7).
2, 13
Let u be (-2 - -3)*-1 - -3. Let j(y) = 2*y**3 + 3*y + 2*y**3 - 3*y + 1 - y**u + y. List the prime factors of j(2).
31
Let c be -190*((-14)/6 + 5/15). Let t = -196 + c. List the prime factors of t.
2, 23
Let h be (-138)/10 - (-29)/(-145). What are the prime factors of ((-7)/h - (-178)/(-12))*-3?
43
List the prime factors of (-2)/(364/92 - 4).
2, 23
What are the prime factors of 12095741/2771 - 2/17?
3, 5, 97
Let j be 26/(-10) + 3 + 4298/5. Suppose 4*f - 20 = 0, -5*x + 2*f + j = -2*f. What are the prime factors of x?
2, 11
List the prime factors of (-6)/(-4) - (-20672)/128.
163
Let o = -12 + 3. Let y = o - -11. Suppose y*q - 3*u = 15, -u - 3*u = -q + 5. List the prime factors of q.
3
Let p(t) = -28*t**3 - t**2 + 16*t + 22. What are the prime factors of p(-5)?
3, 17, 67
Let l = -169 - -119. What are the prime factors of 10/l*1*-265?
53
Let r be 4/(-7)*(-7)/2. Let s(h) = -h**3 + 6*h**2 + 7*h + 5. Let d be s(7). Suppose 0 = -m + d*f + 34, -r*m + 116 = 3*m + 2*f. List the prime factors of m.
2, 3
What are the prime factors of ((-220)/6)/((-6)/162)?
2, 3, 5, 11
Let l(c) = -5*c. Let z be l(-1). Suppose 0 = z*u - 5*k - 385, -3*u + 2*k + 252 = 6*k. List the prime factors of u.
2, 5
Let h = -95 - 37. Let m = 185 + h. List the prime factors of m.
53
Suppose 2*a = -o + 1009, -88*o = -85*o - 3*a - 3054. List the prime factors of o.
5, 7, 29
List the prime factors of (6498/15)/((204/40)/17).
2, 19
Let h(s) = -s + 235. What are the prime factors of h(41)?
2, 97
Let q(n) = -n**3 - 11*n**2 - 3*n - 3. Let f(d) = -d**2 - 12*d - 11. Let c be f(-12). Let s be q(c). What are the prime factors of 612/s - (-4)/(-10)?
2, 5
Let z(o) = o**3 - 5*o**2 - 8*o + 4. Let c be z(6). Let q be c/10*10/(-4). Suppose 0 = -q*w + 3*x + 25, x - 15 = -2*w - 2*w. What are the prime factors of w?
5
Let g(b) = 84*b**3 - b**2 + b. Let q be g(1). Suppose -q + 175 = z. What are the prime factors of z?
7, 13
Let o be (-1 + 1)*3/(-6)*-1. Suppose -3*d + 11 + 1 = o. What are the prime factors of d?
2
Let i(q) = q - 7 + 4*q + q**2 + 5*q - 2*q. Suppose 3*o + 38 = 11. List the prime factors of i(o).
2
Let p(h) = -10*h - 73. List the prime factors of p(-39).
317
Suppose 28*d = 18*d - 390. Suppose -3*k = -4*k + 71. Let l = k + d. What are the prime factors of l?
2
Suppose 12*u = 21*u - 558. What are the prime factors of u?
2, 31
Let b(v) = 30*v**2 - v + 130. What are the prime factors of b(-9)?
7, 367
Let m = -7024 + 10111. List the prime factors of m.
3, 7
Let w be -4*((-12)/54 - (-56)/9). What are the prime factors of -3*-7*w/(-9)?
2, 7
Suppose -67*b + 71*b - 2228 = 0. List the prime factors of b.
557
Let v = 46 - 0. Let m = v - 117. Let n = -7 - m. List the prime factors of n.
2
Suppose -2 = z - 4. Suppose -131 + 24 = -5*n + 4*f, n - 4*f = 31. Suppose 0 = -z*g + g + n. What are the prime factors of g?
19
Let v(o) = 58*o - 8. Let c be v(4). Let u = c - 370. What are the prime factors of (-14)/(-35) + u/(-10)?
3, 5
Let x(q) = q**2 - 3*q + 5. Suppose p + 2*s - 5*s = -7, 5*p - 4*s = -24. Let o be x(p). Suppose 2*g - o = g. What are the prime factors of g?
3, 11
Let g(b) be the first derivative of b**2/2 + 18*b - 28. What are the prime factors of g(17)?
5, 7
What are the prime factors of 457*(-18)/(-6) - -4*1?
5, 11
Suppose 2*i - 2*u - 4373 = -5*u, 2184 = i - u. What are the prime factors of i?
5, 19, 23
Let z(b) = -b**3 - 4*b**2 + 16*b - 10. Let k be z(-8). Suppose -n = -1, -2*d = -0*n + 4*n - k. List the prime factors of d.
3, 19
Let j(f) = f**3 - 9*f**2 + 11*f - 12. Suppose 8 + 37 = 5*r. What are the prime factors of j(r)?
3, 29
Let o = -3 + 28. Let a = 51 - o. What are the prime factors of a?
2, 13
Suppose 3*o - 3*i = 1328 + 6154, -4*i = -2*o + 4998. List the prime factors of o.
19, 131
Let p(v) = -362*v + 491. What are the prime factors of p(-3)?
19, 83
Suppose -f - 2*f + 141 = -2*h, h + 95 = 2*f. Suppose -13 + f = 3*p. What are the prime factors of p?
2, 3
Let z(f) = 7*f**3 + 74*f**2 - 2*f + 3. List the prime factors of z(-4).
3, 83
Let w(r) = -r**2 + 7*r + 2. Let c = -20 + 22. Suppose -10 - 1 = -3*n - u, c*n - 30 = 5*u. List the prime factors of w(n).
2,